- 135. Calculate q(46).
3
Let j(b) = -2*b**2 + 53*b - 48. What is j(26)?
-22
Let o(c) = 23*c**2 + 813*c - 521. Calculate o(-36).
19
Let o(m) = -109*m**2 - 526*m - 525. Determine o(-1).
-108
Let v(s) = -s**3 + 13*s**2 - 39*s + 5. Calculate v(6).
23
Let y(g) = -g**3 - 11*g**2 - 29*g + 4. Calculate y(-8).
44
Let w(d) = -324*d + 644. Calculate w(2).
-4
Let x(y) = y**2 + 45*y - 259. Calculate x(5).
-9
Let f(i) = -i**3 + 6*i**2 - 118*i + 326. Determine f(3).
-1
Let b(v) = -30*v - 606. Calculate b(-20).
-6
Let x(s) = -s**3 + 6*s**2 + 28*s + 9. What is x(9)?
18
Let f(t) = 731*t - 3658. What is f(5)?
-3
Let i(v) = -v**3 - 21*v**2 - 76*v + 19. Calculate i(-5).
-1
Let x(b) = 73*b - 595. Calculate x(8).
-11
Let r(n) = -6*n + 178. Give r(17).
76
Let n(t) = -7*t**2 - 220*t - 1639. What is n(-13)?
38
Let p(k) = -16*k**3 - 785*k**2 - 49*k + 2. Calculate p(-49).
2
Let i(r) = -r**3 - 52*r**2 - 618*r - 100. Calculate i(-18).
8
Let q(w) = -14*w**3 + 95*w**2 + 130*w + 52. Determine q(8).
4
Let n(o) = -2*o**2 + 67*o. Give n(10).
470
Let x(o) = o**2 + 26*o + 73. Determine x(-30).
193
Let j(v) = v - 60. Calculate j(8).
-52
Let d(l) = 87*l + 3669. Determine d(-42).
15
Let n(w) = -7*w**2 - 14*w + 2. Determine n(-5).
-103
Let a(j) = -j**3 - 24*j**2 + 181*j + 20. What is a(-30)?
-10
Let d(z) = -8*z**2 - 53*z - 23. Determine d(-7).
-44
Let u(s) = s**2 + s - 8. Calculate u(22).
498
Let v(h) = h**2 - 29*h - 22. Determine v(29).
-22
Let f(j) = -19*j + 104. What is f(5)?
9
Let h(d) = 2*d**2 - 23*d + 159. What is h(9)?
114
Let u(b) = -b**2 + 67*b + 68. What is u(-1)?
0
Let v(o) = -34*o**2 - 947*o + 129. Calculate v(-28).
-11
Let c(f) = -2*f**3 + f**2 - 35*f - 75. Give c(-2).
15
Let s(a) = -a**3 - 12*a**2 - 18*a - 8. Calculate s(-1).
-1
Let v(h) = h**3 - 34*h**2 - 183*h + 3983. Calculate v(36).
-13
Let l(b) = 7*b + 157. What is l(-41)?
-130
Let y(b) = 2*b**3 + 34*b**2 + 111*b + 100. What is y(-13)?
9
Let g(x) = x**2 + 297*x + 2588. What is g(-9)?
-4
Let i(o) = 4*o - 91. Determine i(22).
-3
Let v(d) = d**3 - 16*d**2 - 667*d - 41. Determine v(-19).
-3
Let x(z) = -30*z**2 + 384*z + 56. Give x(13).
-22
Let a(j) = -j**2 + 9*j + 3164. Give a(-52).
-8
Let z(u) = -u**3 + 7*u**2 - 5*u - 22. Determine z(7).
-57
Let b(a) = a**3 + 31*a**2 + 54*a - 152. Give b(-29).
-36
Let o(d) = 20*d**3 + 3639*d**2 - 181*d + 188. Give o(-182).
6
Let f(p) = -6*p + 51. Calculate f(12).
-21
Let g(j) = 581*j + 13940. Give g(-24).
-4
Let g(r) = -r**2 - 6*r + 249. Determine g(-20).
-31
Let n(r) = -3*r**2 - 90*r - 256. Determine n(-27).
-13
Let n(m) = m**3 + 55*m**2 + 245*m - 238. Calculate n(-50).
12
Let n(z) = z**3 + 2*z**2 - 20*z - 51. Calculate n(0).
-51
Let t(w) = w**3 + 7*w**2 - 139*w - 23. Give t(9).
22
Let q(m) = -109*m - 109. What is q(-1)?
0
Let n(t) = t**3 + 15*t**2 + 41*t + 20. Give n(-7).
125
Let s(y) = -y**3 - 15*y**2 - 57*y - 19. Determine s(-10).
51
Let f(t) = 135*t + 1354. Determine f(-10).
4
Let x(h) = 3*h**3 + 287*h**2 - 105*h - 860. Calculate x(-96).
4
Let o(z) = 60*z - 742. What is o(13)?
38
Let o(q) = -7*q**2 + 22*q + 613. Determine o(-8).
-11
Let t(a) = -a**2 - 32*a + 9952. Determine t(-117).
7
Let a(m) = m**3 + 88*m**2 + 180*m + 637. What is a(-86)?
-51
Let n(c) = -4*c**3 - 53*c**2 - 3*c + 24. Give n(-13).
-106
Let u(m) = -m**2 - 821*m - 77024. Give u(-108).
-20
Let c(i) = -i**2 + 31*i + 653. Calculate c(43).
137
Let f(b) = -17*b + 203. Calculate f(6).
101
Let v(m) = -15*m - 446. Give v(-50).
304
Let j(s) = -16*s + 622. Determine j(39).
-2
Let z(i) = -22*i**2 + 684*i - 60. What is z(31)?
2
Let c(m) = m**2 - 37*m - 50. Calculate c(38).
-12
Let h(a) = -a**2 - 1299*a + 9143. Give h(7).
1
Let i(n) = 45*n - 143. What is i(2)?
-53
Let w(n) = -10*n**3 + 97*n**2 + 30*n. Calculate w(10).
0
Let y(v) = -5*v + 109. Calculate y(24).
-11
Let o(m) = -44*m + 92. Calculate o(-5).
312
Let j(k) = -6*k**2 - 157*k - 38. Give j(-26).
-12
Let h(l) = 26*l**2 - 110*l - 10. Calculate h(4).
-34
Let w(s) = s**2 + 49*s + 190. What is w(-4)?
10
Let a(j) = 9*j + 344. What is a(-54)?
-142
Let l(s) = 5*s**2 + 30*s + 73. Give l(-5).
48
Let g(c) = c**3 - 16*c**2 - 13*c + 14. What is g(6)?
-424
Let z(h) = -34*h**2 - 587*h - 157. Calculate z(-17).
-4
Let n(q) = 4*q**3 + 96*q**2 + 5. What is n(-24)?
5
Let a(f) = 256*f - 36859. Determine a(144).
5
Let r(f) = f**2 - 5*f - 1. What is r(5)?
-1
Let m(b) = b**3 + 13*b**2 + 12*b + 22. What is m(-13)?
-134
Let p(s) = -32709*s - 359793. Determine p(-11).
6
Let s(p) = -695*p**2 - 1394*p + 18. What is s(-2)?
26
Let n(t) = 2*t**2 - 436*t + 2139. Determine n(5).
9
Let n(h) = 371*h - 3614. Determine n(10).
96
Let z(q) = 60*q + 749. Determine z(-12).
29
Let b(z) = -19*z**2 + 91*z - 26. Calculate b(5).
-46
Let i(s) = -67*s + 124. Give i(4).
-144
Let z(m) = 222*m + 40. What is z(-1)?
-182
Let o(b) = 562*b - 2049. Determine o(4).
199
Let x(f) = 9*f + 207. What is x(-32)?
-81
Let s(a) = -6*a**3 + 29*a**2 + 10*a + 5. Give s(5).
30
Let d(x) = 13*x + 946. Determine d(-75).
-29
Let n(r) = 37*r + 2697. Calculate n(-78).
-189
Let z(k) = 4*k - 78. Determine z(11).
-34
Let l(g) = -g**2 + 5*g + 228. Determine l(18).
-6
Let a(w) = w**3 - 18*w**2 + 4*w + 31. Calculate a(19).
468
Let y(s) = s**2 + 9*s - 167. What is y(-17)?
-31
Let p(z) = -59*z - 1722. Calculate p(-29).
-11
Let v(x) = -x**2 + 25*x + 206. Give v(-8).
-58
Let w(y) = y**3 + 28*y**2 - 166*y + 16. Determine w(5).
11
Let c(k) = 27*k**2 - 618*k - 70. What is c(23)?
-1
Let h(k) = -2958*k + 44388. Give h(15).
18
Let i(q) = -2*q**3 + 39*q**2 - 25*q + 103. What is i(19)?
-11
Let t(c) = c**3 - 2*c**2 + c + 50. Give t(0).
50
Let v(n) = 741*n - 11085. Calculate v(15).
30
Let g(p) = -60*p + 141. Determine g(5).
-159
Let i(c) = -413*c + 474. What is i(1)?
61
Let f(k) = -k**2 - 79*k + 148. Determine f(-81).
-14
Let n(k) = -3*k**2 - 41*k + 9. What is n(4)?
-203
Let s(t) = 14*t**2 - 456*t - 907. Give s(-2).
61
Let r(m) = -m**3 + 38*m**2 - m + 28. Determine r(38).
-10
Let l(p) = 4*p**2 + 203*p + 33. Determine l(-51).
84
Let l(f) = f**3 - 14*f**2 + 39*f + 17. Determine l(5).
-13
Let s(m) = -75*m**3 - 5*m**2 + 2*m + 11. What is s(2)?
-605
Let o(w) = -2*w**3 + 14*w**2 - 4*w + 24. Determine o(10).
-616
Let k(u) = -8*u**2 + 16*u + 56. Determine k(4).
-8
Let i(j) = j**2 - 5*j - 112. Calculate i(10).
-62
Let y(h) = h**2 + 85*h + 1830. Determine y(-38).
44
Let f(s) = -555*s - 2780. What is f(-5)?
-5
Let t(q) = -143*q - 195. Calculate t(-3).
234
Let u(m) = 32*m**2 + 5*m + 1. What is u(-2)?
119
Let t(o) = o**2 - 19*o + 65. Give t(14).
-5
Let g(h) = 1072*h + 6514. Determine g(-6).
82
Let b(q) = 2*q**3 - 20*q**2 + 47*q - 1. What is b(6)?
-7
Let g(p) = p**2 + 93*p - 220. Give g(3).
68
Let b(w) = -52*w + 45. Determine b(4).
-163
Let m(d) = 41*d - 595. What is m(16)?
61
Let p(r) = 5*r**2 + 29*r + 243. Determine p(0).
243
Let u(s) = -2*s**2 + 62*s - 29. Determine u(3).
139
Let w(q) = -5*q**2 - 228*q - 488. Calculate w(-44).
-136
Let p(m) = -m**3 - 4*m**2 + 26*m + 112. Calculate p(-5).
7
Let i(s) = -6*s**2 + 47*s - 96. Give i(5).
-11
Let h(k) = -2*k**2 + 55*k - 330. Determine h(9).
3
Let q(f) = 5*f**2 + 29*f - 1. Calculate q(-6).
5
Let o(u) = -2*u**2 - 103*u - 1264. Give o(-29).
41
Let t(a) = -a**3 + 62*a**2 - 45*a + 6807. What is t(63)?
3
Let k(x) = -x**2 + 2773*x - 8319. Determine k(3).
-9
Let n(j) = 168*j - 230. Give n(1).
-62
Let t(i) = 45*i + 1964. Calculate t(-44).
-16
Let i(z) = 118*z - 813. Give i(7).
13
Let x(d) = 7*d**2 - 230*d + 621. What is x(3)?
-6
Let c(i) = 638*i + 5059. Determine c(-8).
-45
Let g(z) = z**3 - 3*z**2 + 42*z - 180. Calculate g(4).
4
Let h(u) = -u**3 - 4*u**2 + 40*u + 124. Calculate h(-7).
-9
Let i(f) = -f**3 - f**2 + 464*f - 23. Give i(21).
19
Let i(j) = -2*j**2 + 96*j + 4. Give i(48).
4
Let k(g) = -14*g**2 - g - 80. What is k(-4)?
-300
Let c(b) = -b**3 - 29*b**2 + 6*b + 22. Determine c(-29).
-152
Let r(n) = -1290*n + 38712. Calculate r(30).
12
Let j(p) = -206*p - 523. What is j(-3)?
95
Let d(t) = -t**3 - 15*t**2 - 17*t - 569. What is d(-16)?
-41
Let x(s) = -3*s**2 - 135*s - 1224. Give x(-31).
78
Let z(q) = -5*q**2 - 480*q - 931. What is z(-94)?
9
Let u(k) = -k**2 + 26*k - 125. Give u(17).
28
Let s(q) = -q**3 + 8*q**2 + 18*q + 4. Give s(6).
184
Let s(r) = 14*r - 469. Calculate s(36).
35
Let a(n) = -n**3 + 8*n**2 - 4*n + 5. Calculate a(6).
53